33*a - 26*a - 14 = u. Suppose -2388 = -a*g + 998. Is g a prime number?
True
Let h(p) = p**3 + 16*p**2 - 14*p - 57. Let o be h(15). Suppose 4*x - o = -4*j + 6*x, 0 = -4*j - 4*x + 6732. Is j composite?
True
Is 402619 + (468/195)/((-2)/(-10)) a composite number?
False
Let o(h) = h**3 + 3*h**2 + 2*h + 4. Let t(v) = v**3 - 4*v**2 + 2*v + 2. Let z be t(2). Let u be o(z). Suppose u*c = 5494 + 1630. Is c a composite number?
True
Suppose -y - 3*k + 185366 = -88193, 820653 = 3*y + 3*k. Is y a prime number?
False
Let a(d) = 2*d**2 - 450*d + 189547. Is a(0) a prime number?
True
Suppose 15*o + 509 - 1394 = 0. Suppose 60*b - 407 = o*b. Is b composite?
True
Is (-5716624)/(-136) - 3*3/(-3) prime?
False
Suppose 16 = -3*i + 31. Suppose -5*s = -n - 6810, 7*n - 2*n = i*s - 6830. Is s composite?
False
Suppose -51*h + 6559517 = -8647714. Is h a prime number?
False
Let b = 356 - -2929. Suppose -5*x - 4*l = -10970, l - 1518 - 675 = -x. Let y = b - x. Is y composite?
False
Let m(k) = 4*k**2 - 13*k - 19. Let y(j) = -j**3 + 13*j**2 + 5*j - 25. Let h be y(13). Suppose -2*d + h = -7*d. Is m(d) a composite number?
True
Suppose -3*x = -5*r - 70, 3*x - 5*x + r + 42 = 0. Suppose -3*f = 2*d + 1855 - 7441, -x = 5*f. Let i = d - 1922. Is i a prime number?
True
Let i = -80 - -60. Let s = 25 + i. Suppose 2*l + 187 - 929 = -s*z, -20 = 5*z. Is l composite?
True
Let k(i) = 2*i**2 - 8*i - 9. Let v be k(5). Suppose 7 - v = 6*c. Is ((-1)/2)/((-3)/1986*c) a prime number?
True
Let r = 11362 + -6663. Is r prime?
False
Let h(k) = -4*k**2 + 1. Let y be h(1). Let x be (2698/6)/(1/(-63)*y). Suppose 4*t - x = -3*t. Is t a composite number?
True
Suppose -6*b + 246 = -4644. Let w = 20 + b. Is w composite?
True
Suppose -337*u + 334*u + 3*x + 367956 = 0, 0 = 5*u + 3*x - 613252. Is u a composite number?
False
Suppose 0 = -5*z + 2*q - 4, q + 8 = 5*z + 5*q. Suppose 2*j + j + 2*w + 5421 = z, 3*j = -4*w - 5415. Let b = -800 - j. Is b composite?
False
Let t be (-3 + -5)*(-3)/12. Suppose 8 = t*i + 26. Let c(n) = 9*n**2 - 14*n - 2. Is c(i) composite?
False
Let w(t) = 2373*t**3 + 9*t**2 + 8*t - 165. Is w(8) a prime number?
True
Let t = 1113513 - 629342. Is t a composite number?
False
Suppose -49*v = -144*v + 24656965. Is v a prime number?
True
Is 294031/1 - (-72 - -74) prime?
True
Let x(z) = -382*z**3 + 11*z**2 + 9*z + 9. Is x(-11) composite?
True
Suppose -25*r + 30*r = 0. Let v(c) be the first derivative of -2*c**3/3 + c**2 + 863*c - 16. Is v(r) composite?
False
Let y(a) be the third derivative of 29*a**4/24 - 89*a**3/6 - 48*a**2. Is y(14) a composite number?
False
Let u(b) = -b**3 + 7*b**2 + 3*b - 37. Let m be u(5). Suppose 82596 = -m*o + 31*o - 3*x, -4*x - 137661 = -5*o. Is o a composite number?
True
Let n(a) = -13667*a - 867. Is n(-14) prime?
True
Let i(w) = 10*w - 25. Let o be i(3). Suppose -o*y + 6915 = -1370. Is y composite?
False
Let g(z) = 123*z**2 + 7*z + 111. Is g(14) composite?
False
Suppose 285500 = 4*p + 4*q, -52*q + 55*q = -18. Is p composite?
True
Let i(j) = -34*j**3 + 5*j**2 + 6*j - 2. Is i(-7) a prime number?
True
Let t = -4679 + 10237. Suppose -3*o + 3814 = y - 1746, o = -y + t. Is y prime?
True
Suppose 44*r = 6*r + 190. Suppose 0 = i - f - 1927, 3*i = r*i + f - 3866. Is i a prime number?
True
Suppose -25*g = 24*g + 58*g - 9280217. Is g prime?
False
Suppose -665313 = 21*j - 1058810 - 2904784. Is j a composite number?
False
Let q = -3234 + -1926. Let k = 4951 - q. Is k prime?
True
Let q = -6 + 6. Let w = 2186 + -1369. Suppose 2*g + 215 - w = q. Is g a prime number?
False
Let s(j) = j**2 - 6*j - 3. Let z be s(7). Is 4/((-80)/(-1475))*z a composite number?
True
Let j be 38/6 - (-3)/((-18)/(-4)). Let y(l) = 2 + 76*l - j + 24*l. Is y(1) a composite number?
True
Suppose 467*j = 504*j - 8530313. Is j a composite number?
True
Suppose 30*g - 592578 = 12*g. Is g prime?
False
Let c(o) = -13*o**3 + o**2 - 2*o + 1. Let u be c(1). Let z = u + 13. Is (-409 + (-1 - -1))/(-1 + z) a prime number?
True
Let t(s) be the second derivative of -533*s**6/60 + s**5/30 - s**4/12 - s**3/2 + 11*s**2 + 7*s. Let v(f) be the first derivative of t(f). Is v(-1) composite?
True
Suppose -84 = -3*p + 3*v, 2*v + 39 = 3*p - 46. Let g = p - 40. Let h(j) = -21*j - 20. Is h(g) a prime number?
True
Is 1110/320*151516 - ((-14)/(-16))/7 a prime number?
True
Let d = 2017 + -2015. Let m(p) = 6*p**3 - 7*p**2 + 9*p. Let y be m(6). Suppose d*l + f = y, 1976 = 5*l - 3*f - 791. Is l composite?
True
Suppose -3*w + 3*c = -1023318, 87*c = 2*w + 84*c - 682217. Is w a prime number?
False
Let a = -26 + 46. Let s(x) = -3*x**2 + 2*x + a*x**2 - 6*x - 3 + x. Is s(-3) a composite number?
True
Suppose 0 = -74*b + 49*b + 52700. Suppose -j - 241 + b = 4*u, -466 = -u - j. Is u a prime number?
True
Let w(i) = -i + 23. Suppose m - 4*f = 20, -40 = -2*m + 2*f + f. Let y be w(m). Suppose -2*o - 118 = -3*z + 2*z, y*z + 4*o = 374. Is z a composite number?
True
Suppose 0*r + 2 = 2*r - f, 0 = 3*r + 2*f - 10. Let z(v) be the first derivative of 2633*v**2/2 - 9*v - 1. Is z(r) a prime number?
False
Suppose -31*a + 2222438 = -17062951 - 4804680. Is a a prime number?
False
Let y(v) = -17*v**3 + 24*v**2 + 29*v + 311. Is y(-21) a composite number?
True
Is (-9166*(-1)/10)/(6*(-2)/(-660)) prime?
False
Let f(g) = 8*g**2 + g + 11. Let t(z) = -91*z**3 + 2*z + 2. Let o be t(-1). Suppose -o*u = -88*u + 18. Is f(u) a prime number?
True
Let k = -319475 + 531688. Is k a composite number?
True
Suppose 4*r - 3*v = 124750, 130 = 3*v + 124. Is r prime?
True
Is (-6 - (-449564)/(-8))/((-5)/(-20)*-2) a composite number?
False
Let n(k) be the second derivative of 55*k**3/6 - 2*k**2 + 10*k. Let t be (-2 - -7)*((-48)/(-20) - 1). Is n(t) prime?
False
Let s = 160 + -153. Let y(z) = 40*z**2 + 17*z + 2. Is y(s) composite?
False
Suppose 2*l + 125697 = k + 7*l, 5*l = 5*k - 628545. Is k prime?
True
Suppose 124*m + 144820 = 126*m. Suppose -87446 - m = -16*o. Is o composite?
True
Let q(w) = w**2 - 27*w - 35. Let v be q(29). Let r(x) = 144*x - 65. Is r(v) a prime number?
False
Let u = 306 - 314. Let n(r) = -727*r - 67. Is n(u) a prime number?
True
Let w = 11 + -11. Suppose w = 9*h - 7572 - 4533. Suppose -j - 2229 = -5*g + 4572, -g + h = -4*j. Is g prime?
True
Let h(k) = -1757*k + 1259. Is h(-55) a composite number?
True
Let s = -132174 - -218243. Is s composite?
False
Let c = -350410 + 492149. Is c composite?
True
Let y = 49 - 10. Let w = y + -36. Suppose -z - 148 + 835 = 4*x, 5*x = -w*z + 2068. Is z composite?
False
Let a(g) = 11531*g**2 - 25*g + 91. Is a(5) a prime number?
True
Is (-130)/(-13) - (0 - 71653) composite?
False
Let k = -124 - -117. Let s be k/(105/(-10))*3. Suppose -7939 = -2*q - 5*n, -s*q - 2*n - 3983 = -3*q. Is q a prime number?
False
Suppose 8*n - 2*l = 5*n + 219401, 0 = 5*n - 2*l - 365667. Let s = n + -30828. Is s prime?
False
Let b(m) = 10*m**2 - 143*m - 344. Is b(57) a prime number?
False
Suppose 8*h - 35 - 5 = 0. Suppose -h*k + 0*k = 5. Is (-534)/(-4)*(2/(-3))/k a prime number?
True
Let g = 4 + 1. Let z(u) = 6*u**3 + 7*u**2 - 2*u + 6. Let q be z(g). Suppose -392 = -2*d + 5*m + 250, -3*d = 3*m - q. Is d prime?
True
Suppose 4*u = 5*z + 232 + 128, -5*z - 455 = -5*u. Suppose -116*p + 21244 = -22*p. Let l = p - u. Is l a composite number?
False
Suppose 477*m + 307982 = 479*m. Is m composite?
False
Let o be (-19)/(-4) - 3/(-12). Let x(k) = -2*k**3 - 4*k**3 + 3*k**3 + 2*k**3 - o*k + 9 - 16*k**2. Is x(-16) prime?
True
Suppose 4*i = -123 + 1295. Let a = 4860 - i. Is a a prime number?
True
Suppose 0 = -34*q + 32*q - 8. Is 98002/(-4)*(q - -2) a prime number?
False
Is ((-31139150)/(-200))/((0 - 2)/(-8)) prime?
False
Suppose 2*l + 2*r - 83072 = 0, 0 = l - r + 3540 - 45082. Is l a composite number?
False
Suppose g + 16 = -3*y + 6*g, -3*g + 16 = -5*y. Is (16/(-24))/(y/(-1221)*-1) a composite number?
True
Let h = 14 - 7. Suppose -12 = -h*s + 23. Suppose s*p + 1210 = 3*k, -2*p + 5*p + 410 = k. Is k composite?
True
Suppose 3*c + c - 1796 = 0. Suppose 451*d - c*d = 14506. Is d a composite number?
False
Is 55792 + (-15 + 18 - -4) prime?
True
Suppose -3*m - 20 = j + 4*j, 0 = -3*m + 15. Let i(s) = 143*s**2 + 14. Let n be i(j). Suppose -4*w - 3*w + n = 0. Is w a prime number?
False
Let u(d) = -24*d**3 + 30*d**2 + 25*d - 270. Is u(-17) prime?
True
Let r(g) = -4*g**3 - 7*g**2 - 11*g - 21. Let q(j)